 97*o**2 - 369*o + 275. Give b(-93).
-4
Let f(p) = 2427*p - 2456. What is f(1)?
-29
Let x(f) = -30*f - 439. Determine x(-16).
41
Let y(u) = 2*u**2 + 32*u + 166. Determine y(-11).
56
Let x(l) = -2*l**2 + 22*l + 147. What is x(-9)?
-213
Let f(a) = -124*a - 1227. What is f(-10)?
13
Let v(f) = -2*f**3 + 10*f**2 - 10*f + 17. Determine v(5).
-33
Let u(g) = -84*g**2 - 1173*g + 62. Calculate u(-14).
20
Let k(s) = 35*s**3 - 10*s**2 - 25*s - 15. What is k(-1)?
-35
Let r(y) = -2*y**3 - 32*y**2 + 170*y + 2355. What is r(-17)?
43
Let u(v) = -96*v**2 - 4*v + 11. Give u(1).
-89
Let h(p) = -2*p**2 - 163*p + 1028. What is h(6)?
-22
Let b(o) = -2396*o + 9541. What is b(4)?
-43
Let n(a) = -240*a + 3358. Give n(14).
-2
Let c(z) = -83*z - 220. Give c(-2).
-54
Let h(d) = -106*d**3 - d**2 + 3*d - 2. Determine h(-2).
836
Let a(w) = 1618*w - 110025. Calculate a(68).
-1
Let z(u) = 13*u**3 - 89*u**2 + u - 108. Calculate z(7).
-3
Let w(j) = 820*j**3 - j**2 - 7*j + 9. Give w(1).
821
Let p(i) = 62*i + 106. What is p(-2)?
-18
Let r(c) = -c**3 - 21*c**2 + 112*c + 301. Give r(-25).
1
Let k(x) = 30*x**2 - 393*x + 41. Determine k(13).
2
Let l(q) = -7*q**2 - 1527*q - 234. What is l(-218)?
-16
Let j(r) = 34*r - 1396. Determine j(41).
-2
Let r(b) = -b**3 - 16*b**2 - 25*b + 173. Determine r(-13).
-9
Let z(m) = 5*m**3 - 26*m**2 - 24*m + 6. What is z(6)?
6
Let k(p) = 2*p**3 - 95*p**2 - 36*p - 613. What is k(48)?
-37
Let a(b) = -43*b - 2961. Determine a(-69).
6
Let i(j) = j**2 - 69*j - 292. Calculate i(-4).
0
Let i(o) = 25*o + 367. Give i(-14).
17
Let a(r) = -54*r**2 + 15283*r - 282. Give a(283).
1
Let l(x) = x**3 + 16*x**2 + 32*x - 68. What is l(-13)?
23
Let m(a) = -a**3 - 8*a**2 - 609*a - 3583. Calculate m(-6).
-1
Let w(a) = -a**2 - 45*a + 40. Determine w(-46).
-6
Let z(s) = -s**2 - 109*s - 615. Determine z(-103).
3
Let q(n) = -10*n**2 - 760*n - 8. Give q(-76).
-8
Let p(r) = 15*r**2 - 1213*r - 159. Calculate p(81).
3
Let i(r) = -9*r**2 + 376*r + 1294. Calculate i(45).
-11
Let r(t) = -t**3 - 12*t**2 + 28*t - 256. Determine r(-15).
-1
Let g(x) = -x**3 - 5*x**2 + 2*x - 28. What is g(-6)?
-4
Let y(i) = -i**3 + 1468*i**2 - 8767*i - 20. Give y(6).
10
Let q(t) = 5*t + 138. Determine q(-33).
-27
Let l(m) = -m**3 - 13*m**2 - 18*m - 23. What is l(-12)?
49
Let r(c) = -7*c**2 + 148*c - 247. Calculate r(19).
38
Let a(l) = -2*l**3 + 19*l**2 + 9*l - 9. Give a(10).
-19
Let m(v) = 2518*v - 193882. Give m(77).
4
Let w(d) = d**2 + 16*d + 15. Give w(-24).
207
Let l(u) = -22*u - 522. Calculate l(-18).
-126
Let f(q) = 124*q + 30. Determine f(-2).
-218
Let p(r) = -r**3 + 3*r**2 + 2*r - 3. Give p(0).
-3
Let z(v) = v**3 - 5*v**2 + 35*v - 61. Determine z(2).
-3
Let i(g) = 349*g - 2809. Calculate i(8).
-17
Let s(x) = -192*x**2 - 3*x + 3. Give s(1).
-192
Let q(v) = -17*v**2 - 343*v - 56. Give q(-20).
4
Let a(k) = 3*k**2 - 32*k - 44. Calculate a(13).
47
Let p(r) = r**3 + 45*r**2 + 44*r + 9. What is p(-44)?
9
Let x(f) = f**3 + 11*f**2 - 8*f - 5. What is x(-9)?
229
Let x(l) = 263*l + 231. Determine x(-1).
-32
Let l(a) = 4*a**2 + 85*a + 25. Give l(-20).
-75
Let f(t) = -14*t**2 + 12*t + 2. Calculate f(-1).
-24
Let l(f) = 21*f + 2686. Calculate l(-128).
-2
Let p(n) = 2*n**3 + 78*n**2 - 77*n + 135. Give p(-40).
15
Let u(j) = -18*j**3 - 156*j**2 + 64*j + 115. What is u(-9)?
25
Let n(t) = -3*t**2 + 89*t + 558. Determine n(35).
-2
Let k(h) = 43*h - 311. Determine k(6).
-53
Let c(w) = 92*w**2 - 1654*w - 44. Determine c(18).
-8
Let f(j) = -j**2 + 24*j + 117. Determine f(-5).
-28
Let i(v) = -9*v**2 + 343*v - 38. What is i(38)?
0
Let i(q) = 165*q + 131. Give i(0).
131
Let f(u) = 7*u**3 + 63*u**2 - 100*u - 891. What is f(-9)?
9
Let u(a) = 2*a**2 + 93*a - 1074. Calculate u(-56).
-10
Let b(z) = 4*z**2 + z - 90. What is b(4)?
-22
Let m(u) = -u**3 + 58*u**2 + 2787*u + 877. What is m(-31)?
9
Let w(r) = 6437*r - 57930. Give w(9).
3
Let a(z) = -2*z**3 + 14*z**2 - 31*z + 123. What is a(6)?
9
Let c(r) = -r**2 + 18*r - 10. Determine c(5).
55
Let v(q) = -2758*q + 5. Determine v(0).
5
Let v(w) = 26316*w + 105265. Give v(-4).
1
Let d(w) = w**3 - 11*w**2 + 33*w - 50. Calculate d(8).
22
Let h(n) = -2590*n - 31066. Calculate h(-12).
14
Let j(r) = r**3 + 14*r**2 - 6*r - 151. Calculate j(-12).
209
Let g(r) = r**2 - 45*r - 55. What is g(49)?
141
Let u(i) = i**3 + 111*i**2 + 211*i - 753. Calculate u(-109).
10
Let j(n) = -23*n**2 - 60*n + 277. What is j(5)?
-598
Let o(i) = -12*i - 54. Calculate o(6).
-126
Let q(g) = 37*g + 876. Give q(-23).
25
Let s(d) = 15*d**3 - 18*d**2 + 31*d + 9. Determine s(2).
119
Let m(k) = 5*k**2 + 674*k + 510. What is m(-134)?
-26
Let u(r) = -76*r**2 + 4. Calculate u(-1).
-72
Let a(x) = -217*x - 7379. What is a(-34)?
-1
Let x(l) = 39*l - 266. Determine x(9).
85
Let n(a) = -a**3 - a**2 + 51*a - 97. What is n(0)?
-97
Let o(s) = -s**3 - 3*s**2 + 35*s + 195. Calculate o(-8).
235
Let x(n) = 8*n - 46. Calculate x(12).
50
Let b(u) = 77*u + 7. Calculate b(3).
238
Let n(u) = -u**3 - 214*u**2 - 1036*u + 1913. Determine n(-209).
32
Let w(z) = 13*z**2 - 75*z - 248. Calculate w(8).
-16
Let a(u) = -60*u + 133. What is a(6)?
-227
Let w(i) = 10*i - 369. Give w(32).
-49
Let o(d) = d**2 + 4*d - 132. What is o(0)?
-132
Let r(h) = -29*h - 173. What is r(-11)?
146
Let x(j) = 63*j + 566. What is x(-12)?
-190
Let w(d) = 75*d + 171. What is w(-6)?
-279
Let b(k) = -35*k + 350. Determine b(10).
0
Let k(m) = 127*m + 498. Calculate k(-4).
-10
Let d(z) = -11*z + 73. Give d(5).
18
Let i(t) = -746*t - 3705. What is i(-5)?
25
Let y(r) = 6*r**2 + 36*r - 51. Determine y(-8).
45
Let p(q) = -q**3 + 111*q**2 - 125*q + 1691. Determine p(110).
41
Let i(n) = -10219*n - 132845. Determine i(-13).
2
Let a(d) = 2*d**2 - 129*d + 122. Calculate a(64).
58
Let y(a) = a**2 - 68*a + 183. Determine y(3).
-12
Let d(z) = -z**3 + 10*z**2 - 21*z - 7. Calculate d(7).
-7
Let m(f) = 4*f**2 - 271*f + 198. Give m(67).
-3
Let i(a) = -5*a**2 + 51*a - 58. Give i(10).
-48
Let j(d) = 27*d - 193. Give j(8).
23
Let m(l) = l**2 - 106*l + 2343. Determine m(75).
18
Let r(n) = -2*n**3 + 6*n**2 + 38*n - 10. Give r(6).
2
Let p(c) = -c**3 + 89*c**2 - 255*c - 259. Give p(86).
-1
Let h(v) = 3*v**3 - 190*v**2 + 598*v + 120. Give h(60).
0
Let a(f) = -f**2 - 156*f + 11868. What is a(56)?
-4
Let p(v) = -73*v**3 - v**2 + v + 1. Calculate p(1).
-72
Let s(v) = -v**2 + 100*v - 1209. What is s(86)?
-5
Let t(a) = 6*a**2 + 229*a - 458. Calculate t(-40).
-18
Let n(k) = -4*k**2 + 35*k + 133. What is n(13)?
-88
Let t(w) = -3*w**3 + 21*w**2 + 28*w - 192. Calculate t(7).
4
Let c(p) = -p**3 - 9*p**2 + 129*p + 60. What is c(-17)?
179
Let c(z) = z**3 + 13*z**2 - 199*z - 3. Give c(9).
-12
Let c(x) = 15863*x - 253803. Determine c(16).
5
Let m(j) = -8*j + 136. Give m(35).
-144
Let t(p) = p**2 + 5*p - 28. Give t(8).
76
Let c(m) = 2*m**2 + 10*m - 28. Give c(-10).
72
Let h(d) = -211*d + 19005. Calculate h(90).
15
Let u(n) = 2*n**2 + 5*n - 25. What is u(-4)?
-13
Let y(v) = -2*v**3 + v**2 + 13*v + 17. Give y(-4).
109
Let w(x) = -2233*x - 15676. Give w(-7).
-45
Let u(b) = 42*b + 52. What is u(6)?
304
Let a(h) = -3*h**2 + 70*h - 274. What is a(17)?
49
Let o(p) = -21*p + 179. Give o(9).
-10
Let w(d) = -2*d**3 + 30*d**2 + 8*d - 66. Calculate w(15).
54
Let q(p) = -19*p - 451. Determine q(-24).
5
Let v(p) = -5*p**2 + 53*p - 150. Give v(5).
-10
Let f(h) = -3*h**2 - 5*h - 13. Give f(8).
-245
Let y(t) = t**3 + 7*t**2 + 47*t + 268. Give y(-7).
-61
Let d(f) = -15*f - 520. What is d(-37)?
35
Let g(h) = -4*h - 83. Determine g(4).
-99
Let r(s) = -54*s + 622. What is r(12)?
-26
Let p(x) = -x**2 + 21*x - 44. What is p(19)?
-6
Let m(n) = -2*n**2 - 52*n - 282. Give m(-15).
48
Let g(p) = -52*p**2 + 572*p + 1. Calculate g(11).
1
Let o(p) = -2*p**2 - 40*p - 212. Give o(-6).
-44
Let n(u) = -4*u**3 + 87*u**2 - 211*u + 29. What is n(19)?
-9
Let j(p) = p**2 - 78*p + 948. Give j(14).
52
Let t(i) = i**3 + i**2 - 37*i + 15. What is t(-6)?
57
Let r(b) = 2*b**3 - 8*b**2 - 6*b - 16. What is r(6)?
92
Let l(m) = -m**2 + 37*m - 361. Calculate l(16).
-25
Let h(u) = 48*u - 222. Determine h(7).
114
Let p(g) = g**3 - 14*g**2 - 481*g - 21. What is p(30)?
-51
Let x(n) = 144*n - 4613. Determine x(32).
-5
Let i(h) = 2*h**3 + 283*h**2 + 140*h - 149. Give i(-141).
-8
Let t(d) = 2*d**2 - 1042*d - 12801. Calculate t(-12).
-9
Let h(k) = -k**2 + 200*k - 8328. Wha